{"version":"1.0","provider_name":"Erika vil\u00e1ga","provider_url":"https:\/\/erikavilaga.cafeblog.hu","author_name":"Losonczi Erika","author_url":"https:\/\/erikavilaga.cafeblog.hu\/author\/losonczi_erika\/","title":"Kar\u00e1csonyi k\u00e9zm\u0171ves aj\u00e1nd\u00e9kb\u00f6rze 1.","html":"<p>Szeretn\u00e9k \u00f6tleteket adni a kar\u00e1csonyi aj\u00e1nd\u00e9kokhoz!<\/p>\r\n<p>Ne gondolj\u00e1tok, hogy korai ez m\u00e9g, mert ha mindenkinek saj\u00e1t k\u00e9sz\u00edt\u00e9s\u0171 aj\u00e1nd\u00e9kot szeretn\u00e9tek adni, r\u00e1 kell sz\u00e1nni az id\u0151t!<\/p>\r\n<p>El\u0151sz\u00f6r k\u00e9sz\u00edts\u00fcnk k\u00f6nyvjelz\u0151t, kulcstart\u00f3t.<\/p>\r\n<p>Hozz\u00e1val\u00f3k: k\u00fcl\u00f6nb\u00f6z\u0151 sz\u00edn\u0171 filc anyagok, gy\u00f6ngy\u00f6k, flitterek, ragaszthat\u00f3 strasszk\u00f6vek, sz\u00e9p picike gombok, t\u0171 c\u00e9rna. A kulcstart\u00f3hoz kulcskarika, a k\u00f6nyvjelz\u0151h\u00f6z gumiszalag, lehet\u0151leg ne feh\u00e9r.<\/p>\r\n<p><img class=\"alignnone size-medium wp-image-51\" src=\"https:\/\/erikavilaga.cafeblog.hu\/files\/2016\/11\/Kjelz\u0151-4-300x225.jpg\" alt=\"kjelzo-4\" width=\"300\" height=\"225\" \/><\/p>\r\n<p>Elk\u00e9sz\u00edt\u00e9s: keress\u00fcnk egy 6-7 cm \u00e1tm\u00e9r\u0151j\u0171 poharat vagy pog\u00e1csaszaggat\u00f3t, amit \u00e1t tudunk rajzolni a filcekre,( sablont is v\u00e1ghatunk kem\u00e9nypap\u00edrb\u00f3l), v\u00e1gjuk k\u00f6rbe, ezek lesznek az alapok. Pr\u00f3b\u00e1ljunk sz\u00ednben harmoniz\u00e1l\u00f3 anyagokat haszn\u00e1lni. Egy k\u00f6nyvjelz\u0151h\u00f6z vagy kulcstart\u00f3hoz 2 darab filck\u00f6r sz\u00fcks\u00e9ges, egyik a teteje, amit kid\u00edsz\u00edt\u00fcnk, a m\u00e1sik az alja lesz.<\/p>\r\n<p><img class=\"alignnone size-medium wp-image-52\" src=\"https:\/\/erikavilaga.cafeblog.hu\/files\/2016\/11\/Kjelz\u0151-1-300x225.jpg\" alt=\"kjelzo-1\" width=\"300\" height=\"225\" \/><\/p>\r\n<p>V\u00e1gjunk ki a filcb\u0151l vir\u00e1gszirom, lev\u00e9l form\u00e1t, varrjuk az alapra, d\u00edsz\u00edts\u00fck gy\u00f6ngy\u00f6kkel, strasszokkal, flitterrel. Ha elt\u00e9r\u0151 sz\u00edn\u0171 fon\u00e1llal varrjuk, az is sz\u00e9pen fog mutatni.<\/p>\r\n<p><img class=\"alignnone size-medium wp-image-53\" src=\"https:\/\/erikavilaga.cafeblog.hu\/files\/2016\/11\/Kjelz\u0151-3-300x225.jpg\" alt=\"kjelzo-3\" width=\"300\" height=\"225\" \/><\/p>\r\n<p>A k\u00f6nyvjelz\u0151h\u00f6z v\u00e1gjunk a gumiszalagb\u00f3l egy 25-30 cm-es darabot, majd varrjuk \u00f6ssze. Fogjuk az als\u00f3 \u00e9s a d\u00edsz\u00edtett fels\u0151 r\u00e9sz k\u00f6z\u00e9, \u00e9s varrjuk \u00f6ssze a k\u00f6r\u00f6ket.<\/p>\r\n<p><img class=\"alignnone size-medium wp-image-54\" src=\"https:\/\/erikavilaga.cafeblog.hu\/files\/2016\/11\/Kjelz\u0151-13-300x225.jpg\" alt=\"kjelzo-13\" width=\"300\" height=\"225\" \/> <img class=\"alignnone size-medium wp-image-55\" src=\"https:\/\/erikavilaga.cafeblog.hu\/files\/2016\/11\/Kjelz\u0151-14-300x225.jpg\" alt=\"kjelzo-14\" width=\"300\" height=\"225\" \/><\/p>\r\n<p>Pr\u00f3b\u00e1ljuk r\u00e1 egy k\u00f6zepes m\u00e9ret\u0171 k\u00f6nyvre, a gumiszalagon b\u00e1rmikor tudunk m\u00f3dos\u00edtani.<\/p>\r\n<p>&nbsp;<\/p>\r\n<p><img class=\"alignnone size-medium wp-image-56\" src=\"https:\/\/erikavilaga.cafeblog.hu\/files\/2016\/11\/K\u00f6nyvjelz\u0151-1-225x300.jpg\" alt=\"konyvjelzo-1\" width=\"225\" height=\"300\" \/>\u00a0<img class=\"alignnone size-medium wp-image-57\" src=\"https:\/\/erikavilaga.cafeblog.hu\/files\/2016\/11\/K\u00f6nyvjelz\u0151-3-300x225.jpg\" alt=\"konyvjelzo-3\" width=\"300\" height=\"225\" \/><\/p>\r\n<p>A kulcstart\u00f3hoz a teljes k\u00f6rt \u00f6sszevarrjuk,(als\u00f3 \u00e9s d\u00edsz\u00edtett fels\u0151 r\u00e9sz), \u00e9s a tetej\u00e9be egy kett\u00e9hajtott szalagdarabot er\u0151s\u00edt\u00fcnk. Ebbe fogjuk belef\u0171zni a kulcskarik\u00e1t.<\/p>\r\n<p><img class=\"alignnone size-medium wp-image-58\" src=\"https:\/\/erikavilaga.cafeblog.hu\/files\/2016\/11\/DSC_0712-300x169.jpg\" alt=\"dsc_0712\" width=\"300\" height=\"169\" \/><\/p>\r\n<p>Sz\u00e9p napot!<\/p>\r\n<p>Erika<\/p>","type":"rich","thumbnail_url":"https:\/\/erikavilaga.cafeblog.hu\/files\/2016\/11\/K\u00f6nyvjelz\u0151-1-150x150.jpg","thumbnail_width":150,"thumbnail_height":150}

Erika világa

Karácsonyi kézműves ajándékbörze 1.

<p>Szeretnék ötleteket adni a karácsonyi ajándékokhoz!</p>
<p>Ne gondoljátok, hogy korai ez még, mert ha mindenkinek saját készítésű ajándékot szeretnétek adni, rá kell szánni az időt!</p>
<p>Először készítsünk könyvjelzőt, kulcstartót.</p>
<p>Hozzávalók: különböző színű filc anyagok, gyöngyök, flitterek, ragasztható strasszkövek, szép picike gombok, tű cérna. A kulcstartóhoz kulcskarika, a könyvjelzőhöz gumiszalag, lehetőleg ne fehér.</p>
<p><img class="alignnone size-medium wp-image-51" src="https://erikavilaga.cafeblog.hu/files/2016/11/Kjelző-4-300x225.jpg" alt="kjelzo-4" width="300" height="225" /></p>
<p>Elkészítés: keressünk egy 6-7 cm átmérőjű poharat vagy pogácsaszaggatót, amit át tudunk rajzolni a filcekre,( sablont is vághatunk keménypapírból), vágjuk körbe, ezek lesznek az alapok. Próbáljunk színben harmonizáló anyagokat használni. Egy könyvjelzőhöz vagy kulcstartóhoz 2 darab filckör szükséges, egyik a teteje, amit kidíszítünk, a másik az alja lesz.</p>
<p><img class="alignnone size-medium wp-image-52" src="https://erikavilaga.cafeblog.hu/files/2016/11/Kjelző-1-300x225.jpg" alt="kjelzo-1" width="300" height="225" /></p>
<p>Vágjunk ki a filcből virágszirom, levél formát, varrjuk az alapra, díszítsük gyöngyökkel, strasszokkal, flitterrel. Ha eltérő színű fonállal varrjuk, az is szépen fog mutatni.</p>
<p><img class="alignnone size-medium wp-image-53" src="https://erikavilaga.cafeblog.hu/files/2016/11/Kjelző-3-300x225.jpg" alt="kjelzo-3" width="300" height="225" /></p>
<p>A könyvjelzőhöz vágjunk a gumiszalagból egy 25-30 cm-es darabot, majd varrjuk össze. Fogjuk az alsó és a díszített felső rész közé, és varrjuk össze a köröket.</p>
<p><img class="alignnone size-medium wp-image-54" src="https://erikavilaga.cafeblog.hu/files/2016/11/Kjelző-13-300x225.jpg" alt="kjelzo-13" width="300" height="225" /> <img class="alignnone size-medium wp-image-55" src="https://erikavilaga.cafeblog.hu/files/2016/11/Kjelző-14-300x225.jpg" alt="kjelzo-14" width="300" height="225" /></p>
<p>Próbáljuk rá egy közepes méretű könyvre, a gumiszalagon bármikor tudunk módosítani.</p>
<p>&nbsp;</p>
<p><img class="alignnone size-medium wp-image-56" src="https://erikavilaga.cafeblog.hu/files/2016/11/Könyvjelző-1-225x300.jpg" alt="konyvjelzo-1" width="225" height="300" /> <img class="alignnone size-medium wp-image-57" src="https://erikavilaga.cafeblog.hu/files/2016/11/Könyvjelző-3-300x225.jpg" alt="konyvjelzo-3" width="300" height="225" /></p>
<p>A kulcstartóhoz a teljes kört összevarrjuk,(alsó és díszített felső rész), és a tetejébe egy kettéhajtott szalagdarabot erősítünk. Ebbe fogjuk belefűzni a kulcskarikát.</p>
<p><img class="alignnone size-medium wp-image-58" src="https://erikavilaga.cafeblog.hu/files/2016/11/DSC_0712-300x169.jpg" alt="dsc_0712" width="300" height="169" /></p>
<p>Szép napot!</p>
<p>Erika</p>

https://erikavilaga.cafeblog.hu/files/2016/11/Könyvjelző-1-150x150.jpg
